 0*t + 5*a + 27 = t, t + i*a + 18 = 0. List the prime factors of 6*(4/3 + t).
2, 5
Suppose -12 = -4*a, -9 = 3*p - 4*a + 18. Let m be (-4)/(-10) + (-48)/p. Let u = -3 + m. List the prime factors of u.
7
Let b be 1*(-4)/12*6. Let i = 4 - 7. What are the prime factors of (b - (0 + i))*7?
7
Suppose -3*d = -4*d + 27. Suppose -g + 5*r = 19, -r + d = 2*g + 2*r. List the prime factors of g.
2, 3
List the prime factors of 0 - -3 - (-2 + -23).
2, 7
Let n(w) = -w - 2. Let m be n(-5). Let l = 1 + 0. Suppose -l + m = f. What are the prime factors of f?
2
Suppose 2*q = -2*i + 16, -q - 12 - 10 = -5*i. Let v = i + 5. List the prime factors of v.
2, 5
Let y = 39 - 22. Suppose 0*v + v = y. What are the prime factors of v?
17
List the prime factors of 625/11 + 8/44.
3, 19
Let j(t) = t**3 + 7*t**2 - 9*t - 7. Let z be j(-8). Let o(f) = 2*f + 4. Let b be o(-3). List the prime factors of (6 - (z - b))/1.
3
Suppose -7*c = 3*o - 2*c - 30, 3*c - 14 = -o. Let j(g) = -2*g + 2*g - g + 10. List the prime factors of j(o).
5
Let u = -379 + 565. What are the prime factors of u?
2, 3, 31
Suppose 195 = 4*r + 3*o, 230 = 5*r - o + 2*o. Let y = -27 + r. What are the prime factors of y?
2, 3
Let g = 45 + -20. Let w be 2/(4*1/(-30)). Let j = g + w. What are the prime factors of j?
2, 5
Suppose -3*d + 4*d + 2*o = 6, 5*d - 2*o - 18 = 0. Suppose -2*s = 3*s + 5. Let y = s + d. What are the prime factors of y?
3
Let d(x) = -4*x - 7*x - 3 - 3*x - x. Let g be d(-2). Suppose 2*p = 3*v + g, -2*p = -v - 19 - 2. What are the prime factors of p?
3
Let h(d) = -d**3 - 2*d**2 - 1. Let z be 36/(-1)*1/(-2). Let g be (-58)/z - (-2)/9. List the prime factors of h(g).
2
Let b(d) = 6*d. Let k be (-8)/6*(-3)/2. What are the prime factors of b(k)?
2, 3
List the prime factors of 1/3 - (-196)/6.
3, 11
Let j(q) = 2*q**2 + 6*q + 9. What are the prime factors of j(-5)?
29
Suppose 4 = q - 2*q, 4*q = -5*b + 534. What are the prime factors of b?
2, 5, 11
Let j = 4 + -12. List the prime factors of 8/6 + j/(-12).
2
Let o(f) = f**3 - 3*f**2 + 4*f - 2. Let a be o(2). Let v(w) = 0*w + 3*w - a*w - 1. List the prime factors of v(6).
5
Let d(g) = 27*g + 3. Let b be d(-5). Let t be -6*1*b/(-8). List the prime factors of (2/3)/((-3)/t).
2, 11
Suppose 3*v = -30 + 93. Let g = v + -13. What are the prime factors of g?
2
Let j(r) = 2 - 2 - 4*r - r - 12. What are the prime factors of j(-13)?
53
Let a(h) = h**3 + 6*h**2 + h + 2. Let l be 0 - (1 + 2)*1. Let b be a(l). Suppose 2*r + 4 = b. List the prime factors of r.
11
Let l(c) = -9*c**3 + 19*c**3 - 2*c**2 - 2*c - 7*c**3. List the prime factors of l(2).
2, 3
Suppose -24*s = -23*s - 96. List the prime factors of s.
2, 3
Suppose -3*u = -0*u. Suppose 0 = -n + 4*s - 22, -4*n + 4*s - 28 = -u*s. Let k(b) = -12*b - 4. What are the prime factors of k(n)?
2, 5
Suppose 0 = -x - 0*x + 3*c + 29, -5*c = 3*x - 101. What are the prime factors of x?
2
Let u(y) = 2*y - 16. Let m(c) = 4*c + 1. Let q be m(3). What are the prime factors of u(q)?
2, 5
Let n(r) = -12*r + 12. List the prime factors of n(-8).
2, 3
Let o = -143 + 273. List the prime factors of o.
2, 5, 13
Suppose -3*l = 2*q - 9, -38 = -4*q + l - 13. Let x(i) = i - 2. Let p be x(q). Suppose -p*t - 29 = 3*y - 80, 13 = 2*t - y. List the prime factors of t.
3
Let l = 9 + -4. Suppose -d = l*y - 2*y - 9, -5*d + 11 = -2*y. Suppose -5*t - 17 = -g - d*g, 0 = -3*g + 4*t + 12. List the prime factors of g.
2
Let g(a) = -5*a - 3. Suppose 2*p = 6*p + 8. Let k be g(p). Suppose -3*n + k*n - 32 = 0. What are the prime factors of n?
2
Let f be ((-1)/(-2))/(1/14). Let p(i) = 0*i + 5*i - f - 3*i + 0. List the prime factors of p(9).
11
Suppose 0 = 4*w - 2*w + 8. Let u(c) = -c + 1. What are the prime factors of u(w)?
5
Let x be (-5)/15 - 26/(-6). Suppose 3*o + 18 = x*o - 5*j, 5*o = j + 42. List the prime factors of o.
2
List the prime factors of (-487)/(-5) + (-6)/(-10).
2, 7
Let l(b) = 16*b + b**2 - 16*b + 1. Let s be l(5). Suppose 0*j - 2*j + s = 0. What are the prime factors of j?
13
Suppose 4*t - 3*l = -99, 49 + 74 = -5*t + 4*l. List the prime factors of (-2)/6 - 954/t.
5, 7
Suppose 3*j = -5*g + 67, -2*j = 3*j - 2*g - 122. What are the prime factors of j?
2, 3
Let v(b) = 4*b**2 + 9*b + 4. List the prime factors of v(-6).
2, 47
Suppose 0 = 5*o - 5*q - 40, 2*q = 3*q + 2. Let y be (-2)/(-4)*o*1. Suppose y*h - 8 = -h. List the prime factors of h.
2
Let k = 54 + -27. Let v = k + 14. List the prime factors of v.
41
Let w(y) = 37*y - 1. List the prime factors of w(1).
2, 3
Suppose 3*v + 4*r = 45, 3*r = 3 + 6. Suppose -k + 17 = -v. List the prime factors of k.
2, 7
Let s(k) = 3*k + 9. List the prime factors of s(10).
3, 13
Suppose -f - 2*o - 8 = 0, 0 = -5*f - 5*o - 5 - 15. Let j = 11 + -7. Suppose -j*c = -f*c - 56. List the prime factors of c.
2, 7
Let b(l) = 8*l**2 - 6. Let t(z) = -3*z**2 + 2. Let n(k) = -4*b(k) - 11*t(k). Let q be n(-2). What are the prime factors of (-1)/(-2) + q/4?
2
Let c = -46 - -81. Suppose c = -3*d - 4*i, -2*i - 51 = 5*d + i. What are the prime factors of -3 - (1 + -3) - d?
2
Let w(m) = -m**2 + 28*m - 66. What are the prime factors of w(20)?
2, 47
Let p(q) = q**2 - 22*q + 7. List the prime factors of p(24).
5, 11
Let u = 6 + -4. Let o = 4 - u. Suppose o*h - 10 = -4*a, 2*h - 6 = -3*a - 0*a. List the prime factors of a.
2
Suppose 5*o = 2*w + 460, w + 165 = 2*o + 4*w. What are the prime factors of o?
2, 3, 5
What are the prime factors of (156/(-18))/((-4)/18)?
3, 13
Suppose j + 2 = 4. Let l = 6 - j. List the prime factors of l.
2
Suppose 4*l - 5*g = -2*g + 480, g = 5*l - 589. What are the prime factors of l?
3, 13
Let y(o) be the third derivative of 2*o**2 + 0*o**3 + 0*o - 1/12*o**4 + 0 + 1/30*o**5. What are the prime factors of y(2)?
2
Let o(t) = t**3 - 10*t**2 - 9*t. Let m = 22 + -11. What are the prime factors of o(m)?
2, 11
Suppose -4*m + 2*m = 0. Suppose 4*r + 16 - 64 = m. What are the prime factors of r?
2, 3
Suppose 4*w + 4 = 5*w. Suppose 10 - w = d + 2*u, d - 2*u + 10 = 0. Let x(a) = a**3 + 4*a**2 - 2*a - 3. List the prime factors of x(d).
3
What are the prime factors of 6/4*(-476)/(-42)?
17
Suppose -3*c - 1 = 2*l - 15, c + 2*l - 10 = 0. Suppose c*x - 6 = -2. Suppose 68 = 4*w - 3*g, x*w - 3*g - 2 = 32. List the prime factors of w.
17
Suppose -3*w = 2*x + 16, -5*w + 25 = -3*x - 37. What are the prime factors of (-74)/x - (-4)/(-14)?
5
Let g(w) = 17*w + 72. What are the prime factors of g(7)?
191
Let b = -47 + 28. Let m be (2 + 0)/((-3)/12). Let o = m - b. List the prime factors of o.
11
Suppose 2*i = -2*o + 146, 3*i - 7*i - 16 = 0. List the prime factors of o.
7, 11
Suppose -b - 3*b + 160 = 4*l, b + 4*l = 49. Suppose 0 = 3*v - b + 97. List the prime factors of 0 - -1 - v/5.
5
Let c(s) = -s + 0 - 6 + 2*s. Let f be 1/(-4) - (-74)/8. What are the prime factors of c(f)?
3
Suppose 76*c - 71*c = 895. List the prime factors of c.
179
Let s(h) = -6 - h + 4 - h**2 + 7*h. Let l = 8 + -5. List the prime factors of s(l).
7
Let z be 4/(-18) + (-498)/(-54). Let p be ((-6)/(-2))/(z/6). Suppose 4*c - p*c + 2*l = 16, -12 = 3*l. List the prime factors of c.
2, 3
List the prime factors of -31*(1 - (-3 - -5)).
31
Let a be 1/(-3) - (-26)/6. Let y(v) = 2*v**3 + v**2 - 6*v + 2. Let m be y(a). List the prime factors of (-3)/18 + m/12.
2, 5
Let r be 2/4 - 34/4. Let q = r + 11. What are the prime factors of q?
3
Suppose -4*c + v + 5 + 13 = 0, 0 = c - 3*v - 10. Suppose -d + 80 = c*d. Let o = d + -8. What are the prime factors of o?
2
Let c(s) = -s**2 - s - 1. Let r(b) = -2*b**2 - 2*b - 1. Let q(k) = 5*c(k) - 4*r(k). What are the prime factors of q(2)?
17
Let d be (-2 - -3) + (98 - -1). Suppose -d = -5*y - 0*y. What are the prime factors of y?
2, 5
Let q = 4 + -2. Suppose -4*u + 2*i = -2*i + 32, -19 = q*u - 5*i. What are the prime factors of 10/35 + (-19)/u?
3
Suppose -3*p + 37 = p + 5*a, a - 17 = -4*p. Let g(l) = l**3 - 4*l + 1. Let v be g(p). Suppose -4*f + v + 4 = 0. List the prime factors of f.
5
Suppose 3*k - 9*k + 1128 = 0. What are the prime factors of k?
2, 47
Suppose 0 = -j + 3*m - 14, -3*j + 0*m - 5*m + 14 = 0. Let r be (j/6)/((-1)/9). Suppose 11 = -i + 2*p + r*p, 4*p - 16 = -i. What are the prime factors of i?
2
Suppose 2*j - 6 = 2*n, j - 2*j - n + 3 = 0. List the prime factors of j/(3/2) + 0.
2
Suppose 0 = 3*g - 8*g. What are the prime factors 